{"id":20,"date":"2024-07-14T14:33:40","date_gmt":"2024-07-14T14:33:40","guid":{"rendered":"https:\/\/websid.info\/web\/?page_id=20"},"modified":"2024-10-07T09:08:51","modified_gmt":"2024-10-07T09:08:51","slug":"grafica","status":"publish","type":"page","link":"https:\/\/websid.info\/web\/grafica\/","title":{"rendered":"Grafica"},"content":{"rendered":"<h3>Grafiche per stampati (biglietti da visita, volantini, depliant, manifesti ecc.)<\/h3>\n<h3>Espositori pubblicitari di ogni tipo, semplici o complessi, stampa a mosaico con tasselli resinati.<\/h3>\n<div id=\"grid-gallery-5-58861\" data-gg-id=\"5\" data-title=\"Prodotti\" data-grid-type=\"0\" data-offset=\"5.3\" data-area-position=\"center\" data-icons=\"\" data-preloader=\"true\" data-width=\"300\" data-height=\"300\" data-padding=\"0\" data-quicksand=\"disabled\" data-quicksand-duration=\"none\" data-popup-theme=\"theme_6\" data-popup-type=\"pretty-photo\" data-popup-image-text=\"data-description\" data-popup-widthsize=\"auto\" data-popup-heightsize=\"auto\" data-popup-i18n-words=\"{&quot;close&quot;:&quot;close&quot;,&quot;next&quot;:&quot;next&quot;,&quot;previous&quot;:&quot;previous&quot;,&quot;start_slideshow&quot;:&quot;start slideshow&quot;,&quot;stop_slideshow&quot;:&quot;stop slideshow&quot;,&quot;image&quot;:&quot;image&quot;,&quot;of&quot;:&quot;of&quot;,&quot;prev&quot;:&quot;prev&quot;,&quot;cExpand&quot;:&quot;Expand&quot;,&quot;cPrevious&quot;:&quot;Previous&quot;,&quot;cNext&quot;:&quot;Successivo&quot;,&quot;cExpandStr&quot;:&quot;Expand the image&quot;,&quot;cRotate&quot;:&quot;Rotate&quot;,&quot;cDetails&quot;:&quot;Details&quot;}\" data-popup-slideshow=\"true\" data-popup-slideshow-speed=\"2500\" data-popup-hoverstop=\"true\" data-popup-slideshow-auto=\"false\" data-popup-background=\"\" data-popup-transparency=\"30\" data-popup-disable-history=\"\" data-popup-disable-changed-url=\"\" data-popup-border-type=\"solid\" data-popup-border-color=\"\" data-popup-border-width=\"\" data-popup-border-enable=\"\" data-fullscreen=\"false\" data-hide-tooltip=\"false\" data-caption-font-family=\"Default\" data-caption-text-size=\"140\" data-is-mobile=\"0\" data-caption-mobile=\"false\" data-hide-long-tltp-title=\"0\" data-caption-disabled-on-mobile=\"false\" data-popup-placement-type=\"0\" data-social-sharing=\"{&quot;enabled&quot;:null,&quot;gallerySharing&quot;:{&quot;enabled&quot;:null,&quot;position&quot;:null},&quot;imageSharing&quot;:{&quot;enabled&quot;:null,&quot;wrapperClass&quot;:&quot; vertical &quot;},&quot;popupSharing&quot;:{&quot;enabled&quot;:null,&quot;wrapperClass&quot;:&quot; vertical &quot;}}\" class=\"grid-gallery grid-gallery-fixed \" style=\" width:100%; height:auto; margin-left:auto; margin-right:auto;position:relative;\"> <div class=\"gallery-loading\"> <div class=\"blocks\"> <div class=\"block\"><\/div> <div class=\"block\"><\/div> <div class=\"block\"><\/div> <div class=\"block\"><\/div> <\/div> <\/div> <div class=\"gallery-sharing-top\" style=\"display:none;\"> <\/div> <div id=\"photos-5\" class=\"grid-gallery-photos\"><FIGURE class=\"grid-gallery-caption\" data-grid-gallery-type=\"quarter-slide-up\" data-index=\"0\" style=\"display:none;border-radius:00;; margin:5.3px; width:3000;\" ><div class=\"crop\" style=\" width:3000; height:3000; overflow:hidden;\"><img decoding=\"async\" src=\"https:\/\/websid.info\/web\/wp-content\/uploads\/2024\/10\/gelatiok-scaled-300x300.jpg\" class=\"ggImg\" alt=\"gelati\" title=\"Pannello\" data-description=\"Pannello\" data-caption=\"gelatiok\" data-title=\"gelatiok\" style=\" width:300px; height:300px;\" \/><\/div><FIGCAPTION class=\"\" data-alpha=\"5\" style=\"color:#ffffff; background-color:#6f0000; font-size:140; text-align:left; font-family:Default;\" ><div class=\"grid-gallery-figcaption-wrap\" style=\"\"><\/div><\/FIGCAPTION><\/FIGURE><FIGURE class=\"grid-gallery-caption\" data-grid-gallery-type=\"quarter-slide-up\" data-index=\"1\" style=\"display:none;border-radius:00;; margin:5.3px; width:3000;\" ><div class=\"crop\" style=\" width:3000; height:3000; overflow:hidden;\"><img decoding=\"async\" src=\"https:\/\/websid.info\/web\/wp-content\/uploads\/2024\/10\/Pannello-resina-300x300.jpg\" class=\"ggImg\" alt=\"Pannello resina\" title=\"Pannello resinato\" data-description=\"Pannello resinato\" data-caption=\"Pannello resina\" data-title=\"Pannello resina\" style=\" width:300px; height:300px;\" \/><\/div><FIGCAPTION class=\"\" data-alpha=\"5\" style=\"color:#ffffff; background-color:#6f0000; font-size:140; text-align:left; font-family:Default;\" ><div class=\"grid-gallery-figcaption-wrap\" style=\"\"><\/div><\/FIGCAPTION><\/FIGURE><FIGURE class=\"grid-gallery-caption\" data-grid-gallery-type=\"quarter-slide-up\" data-index=\"2\" style=\"display:none;border-radius:00;; margin:5.3px; width:3000;\" ><div class=\"crop\" style=\" width:3000; height:3000; overflow:hidden;\"><img decoding=\"async\" src=\"https:\/\/websid.info\/web\/wp-content\/uploads\/2024\/10\/Pannello-resina-3d-300x300.jpg\" class=\"ggImg\" alt=\"Pannello resina 3d\" title=\"Pannello resinato 3D\" data-description=\"Pannello resinato 3D\" data-caption=\"Pannello resina 3d\" data-title=\"Pannello resina 3d\" style=\" width:300px; height:300px;\" \/><\/div><FIGCAPTION class=\"\" data-alpha=\"5\" style=\"color:#ffffff; background-color:#6f0000; font-size:140; text-align:left; font-family:Default;\" ><div class=\"grid-gallery-figcaption-wrap\" style=\"\"><\/div><\/FIGCAPTION><\/FIGURE><FIGURE class=\"grid-gallery-caption\" data-grid-gallery-type=\"quarter-slide-up\" data-index=\"3\" style=\"display:none;border-radius:00;; margin:5.3px; width:3000;\" ><div class=\"crop\" style=\" width:3000; height:3000; overflow:hidden;\"><img decoding=\"async\" src=\"https:\/\/websid.info\/web\/wp-content\/uploads\/2024\/10\/DSCN0016-scaled-300x300.jpg\" class=\"ggImg\" alt=\"DSCN0016\" title=\"Pannello\" data-description=\"Pannello\" data-caption=\"DSCN0016\" data-title=\"DSCN0016\" style=\" width:300px; height:300px;\" \/><\/div><FIGCAPTION class=\"\" data-alpha=\"5\" style=\"color:#ffffff; background-color:#6f0000; font-size:140; text-align:left; font-family:Default;\" ><div class=\"grid-gallery-figcaption-wrap\" style=\"\"><\/div><\/FIGCAPTION><\/FIGURE><FIGURE class=\"grid-gallery-caption\" data-grid-gallery-type=\"quarter-slide-up\" data-index=\"4\" style=\"display:none;border-radius:00;; margin:5.3px; width:3000;\" ><div class=\"crop\" style=\" width:3000; height:3000; overflow:hidden;\"><img decoding=\"async\" src=\"https:\/\/websid.info\/web\/wp-content\/uploads\/2024\/10\/11222357_500560956776391_147656946205549935_n-300x300.jpg\" class=\"ggImg\" alt=\"11222357_500560956776391_147656946205549935_n\" title=\"Pannellino da banco\" data-description=\"Pannellino da banco\" data-caption=\"11222357_500560956776391_147656946205549935_n\" data-title=\"11222357_500560956776391_147656946205549935_n\" style=\" width:300px; height:300px;\" \/><\/div><FIGCAPTION class=\"\" data-alpha=\"5\" style=\"color:#ffffff; background-color:#6f0000; font-size:140; text-align:left; font-family:Default;\" ><div class=\"grid-gallery-figcaption-wrap\" style=\"\"><\/div><\/FIGCAPTION><\/FIGURE><FIGURE class=\"grid-gallery-caption\" data-grid-gallery-type=\"quarter-slide-up\" data-index=\"5\" style=\"display:none;border-radius:00;; margin:5.3px; width:3000;\" ><div class=\"crop\" style=\" width:3000; height:3000; overflow:hidden;\"><img decoding=\"async\" src=\"https:\/\/websid.info\/web\/wp-content\/uploads\/2024\/10\/11043539_500560826776404_1393996032469375650_n-300x300.jpg\" class=\"ggImg\" alt=\"11043539_500560826776404_1393996032469375650_n\" title=\"Pannellino da banco\" data-description=\"Pannellino da banco\" data-caption=\"11043539_500560826776404_1393996032469375650_n\" data-title=\"11043539_500560826776404_1393996032469375650_n\" style=\" width:300px; height:300px;\" \/><\/div><FIGCAPTION class=\"\" data-alpha=\"5\" style=\"color:#ffffff; background-color:#6f0000; font-size:140; text-align:left; font-family:Default;\" ><div class=\"grid-gallery-figcaption-wrap\" style=\"\"><\/div><\/FIGCAPTION><\/FIGURE><FIGURE class=\"grid-gallery-caption\" data-grid-gallery-type=\"quarter-slide-up\" data-index=\"6\" style=\"display:none;border-radius:00;; margin:5.3px; width:3000;\" ><div class=\"crop\" style=\" width:3000; height:3000; overflow:hidden;\"><img decoding=\"async\" src=\"https:\/\/websid.info\/web\/wp-content\/uploads\/2024\/10\/12189542_539938016172018_4174175749677372790_n-300x300.jpg\" class=\"ggImg\" alt=\"12189542_539938016172018_4174175749677372790_n\" title=\"Pannello\" data-description=\"Pannello\" data-caption=\"12189542_539938016172018_4174175749677372790_n\" data-title=\"12189542_539938016172018_4174175749677372790_n\" style=\" width:300px; height:300px;\" \/><\/div><FIGCAPTION class=\"\" data-alpha=\"5\" style=\"color:#ffffff; background-color:#6f0000; font-size:140; text-align:left; font-family:Default;\" ><div class=\"grid-gallery-figcaption-wrap\" style=\"\"><\/div><\/FIGCAPTION><\/FIGURE><FIGURE class=\"grid-gallery-caption\" data-grid-gallery-type=\"quarter-slide-up\" data-index=\"7\" style=\"display:none;border-radius:00;; margin:5.3px; width:3000;\" ><div class=\"crop\" style=\" width:3000; height:3000; overflow:hidden;\"><img decoding=\"async\" src=\"https:\/\/websid.info\/web\/wp-content\/uploads\/2024\/10\/NM2-300x300.jpg\" class=\"ggImg\" alt=\"NM2\" title=\"Manifesto\" data-description=\"Manifesto\" data-caption=\"NM2\" data-title=\"NM2\" style=\" width:300px; height:300px;\" \/><\/div><FIGCAPTION class=\"\" data-alpha=\"5\" style=\"color:#ffffff; background-color:#6f0000; font-size:140; text-align:left; font-family:Default;\" ><div class=\"grid-gallery-figcaption-wrap\" style=\"\"><\/div><\/FIGCAPTION><\/FIGURE><FIGURE class=\"grid-gallery-caption\" data-grid-gallery-type=\"quarter-slide-up\" data-index=\"8\" style=\"display:none;border-radius:00;; margin:5.3px; width:3000;\" ><div class=\"crop\" style=\" width:3000; height:3000; overflow:hidden;\"><img decoding=\"async\" src=\"https:\/\/websid.info\/web\/wp-content\/uploads\/2024\/10\/NM1-300x300.jpg\" class=\"ggImg\" alt=\"NM1\" title=\"Manifesto\" data-description=\"Manifesto\" data-caption=\"NM1\" data-title=\"NM1\" style=\" width:300px; height:300px;\" \/><\/div><FIGCAPTION class=\"\" data-alpha=\"5\" style=\"color:#ffffff; background-color:#6f0000; font-size:140; text-align:left; font-family:Default;\" ><div class=\"grid-gallery-figcaption-wrap\" style=\"\"><\/div><\/FIGCAPTION><\/FIGURE><FIGURE class=\"grid-gallery-caption\" data-grid-gallery-type=\"quarter-slide-up\" data-index=\"9\" style=\"display:none;border-radius:00;; margin:5.3px; width:3000;\" ><div class=\"crop\" style=\" width:3000; height:3000; overflow:hidden;\"><img decoding=\"async\" src=\"https:\/\/websid.info\/web\/wp-content\/uploads\/2024\/10\/espositore-bandiera-300x300.jpg\" class=\"ggImg\" alt=\"espositore-bandiera\" title=\"Bandiera\" data-description=\"Bandiera\" data-caption=\"espositore-bandiera\" data-title=\"espositore-bandiera\" style=\" width:300px; height:300px;\" \/><\/div><FIGCAPTION class=\"\" data-alpha=\"5\" style=\"color:#ffffff; background-color:#6f0000; font-size:140; text-align:left; font-family:Default;\" ><div class=\"grid-gallery-figcaption-wrap\" style=\"\"><\/div><\/FIGCAPTION><\/FIGURE><FIGURE class=\"grid-gallery-caption\" data-grid-gallery-type=\"quarter-slide-up\" data-index=\"10\" style=\"display:none;border-radius:00;; margin:5.3px; width:3000;\" ><div class=\"crop\" style=\" width:3000; height:3000; overflow:hidden;\"><img decoding=\"async\" src=\"https:\/\/websid.info\/web\/wp-content\/uploads\/2024\/10\/12065830_544000589099094_3530123645991895931_n-300x300.jpg\" class=\"ggImg\" alt=\"12065830_544000589099094_3530123645991895931_n\" title=\"Bandiera\" data-description=\"Bandiera\" data-caption=\"12065830_544000589099094_3530123645991895931_n\" data-title=\"12065830_544000589099094_3530123645991895931_n\" style=\" width:300px; height:300px;\" \/><\/div><FIGCAPTION class=\"\" data-alpha=\"5\" style=\"color:#ffffff; background-color:#6f0000; font-size:140; text-align:left; font-family:Default;\" ><div class=\"grid-gallery-figcaption-wrap\" style=\"\"><\/div><\/FIGCAPTION><\/FIGURE><FIGURE class=\"grid-gallery-caption\" data-grid-gallery-type=\"quarter-slide-up\" data-index=\"11\" style=\"display:none;border-radius:00;; margin:5.3px; width:3000;\" ><div class=\"crop\" style=\" width:3000; height:3000; overflow:hidden;\"><img decoding=\"async\" src=\"https:\/\/websid.info\/web\/wp-content\/uploads\/2024\/10\/IMG_0091-300x300.jpg\" class=\"ggImg\" alt=\"IMG_0091\" title=\"Backdrop\" data-description=\"Backdrop\" data-caption=\"IMG_0091\" data-title=\"IMG_0091\" style=\" width:300px; height:300px;\" \/><\/div><FIGCAPTION class=\"\" data-alpha=\"5\" style=\"color:#ffffff; background-color:#6f0000; font-size:140; text-align:left; font-family:Default;\" ><div class=\"grid-gallery-figcaption-wrap\" style=\"\"><\/div><\/FIGCAPTION><\/FIGURE> <div class=\"grid-gallery-clearfix\"><\/div> <\/div> <div class=\"gallery-sharing-bottom\" style=\"display:none;\"> <\/div> <div class=\"gallery-sharing-image\" style=\"display:none;\"> <\/div> <div class=\"gallery-sharing-popup\" style=\"display:none;\"> <\/div> <div class=\"grid-gallery-clearfix\"><\/div> <\/div> <!-- Gallery by Supsystic plugin1.16.0 --><a title=\"Gallery Plugin\" style=\"display:none;\" href=\"https:\/\/supsystic.com\/plugins\/photo-gallery\/?utm_medium=love_link\" target=\"_blank\">Gallery Plugin<\/a>\n<h3>Creazione di qr code anche personalizzati, colorati e con logo (vedi esempi qui sotto)<\/h3>\n<h3>Esempi di QRCode personalizzati con i colori aziendali, con o senza logo, variabili nella grafica<\/h3>\n<div id=\"grid-gallery-2-36926\" data-gg-id=\"2\" data-title=\"QRCode\" data-grid-type=\"0\" data-offset=\"5.3\" data-area-position=\"center\" data-icons=\"\" data-preloader=\"true\" data-width=\"215\" data-height=\"215\" data-padding=\"0\" data-quicksand=\"disabled\" data-quicksand-duration=\"1800\" data-popup-theme=\"theme_6\" data-popup-type=\"pretty-photo\" data-popup-image-text=\"data-description\" data-popup-widthsize=\"auto\" data-popup-heightsize=\"auto\" data-popup-i18n-words=\"{&quot;close&quot;:&quot;close&quot;,&quot;next&quot;:&quot;next&quot;,&quot;previous&quot;:&quot;previous&quot;,&quot;start_slideshow&quot;:&quot;start slideshow&quot;,&quot;stop_slideshow&quot;:&quot;stop slideshow&quot;,&quot;image&quot;:&quot;image&quot;,&quot;of&quot;:&quot;of&quot;,&quot;prev&quot;:&quot;prev&quot;,&quot;cExpand&quot;:&quot;Expand&quot;,&quot;cPrevious&quot;:&quot;Previous&quot;,&quot;cNext&quot;:&quot;Successivo&quot;,&quot;cExpandStr&quot;:&quot;Expand the image&quot;,&quot;cRotate&quot;:&quot;Rotate&quot;,&quot;cDetails&quot;:&quot;Details&quot;}\" data-popup-slideshow=\"false\" data-popup-slideshow-speed=\"2500\" data-popup-hoverstop=\"true\" data-popup-slideshow-auto=\"false\" data-popup-background=\"\" data-popup-transparency=\"30\" data-popup-disable-history=\"\" data-popup-disable-changed-url=\"\" data-popup-border-type=\"\" data-popup-border-color=\"\" data-popup-border-width=\"\" data-popup-border-enable=\"\" data-fullscreen=\"false\" data-hide-tooltip=\"false\" data-caption-font-family=\"Default\" data-caption-text-size=\"140\" data-is-mobile=\"0\" data-caption-mobile=\"false\" data-hide-long-tltp-title=\"0\" data-caption-disabled-on-mobile=\"false\" data-popup-placement-type=\"0\" data-social-sharing=\"{&quot;enabled&quot;:&quot;&quot;,&quot;gallerySharing&quot;:{&quot;enabled&quot;:null,&quot;position&quot;:null},&quot;imageSharing&quot;:{&quot;enabled&quot;:null,&quot;wrapperClass&quot;:&quot; vertical &quot;},&quot;popupSharing&quot;:{&quot;enabled&quot;:null,&quot;wrapperClass&quot;:&quot; vertical &quot;}}\" class=\"grid-gallery grid-gallery-fixed \" style=\" width:100%; height:auto; margin-left:auto; margin-right:auto;position:relative;\"> <div class=\"gallery-loading\"> <div class=\"blocks\"> <div class=\"block\"><\/div> <div class=\"block\"><\/div> <div class=\"block\"><\/div> <div class=\"block\"><\/div> <\/div> <\/div> <div class=\"gallery-sharing-top\" style=\"display:none;\"> <\/div> <div id=\"photos-2\" class=\"grid-gallery-photos\"><FIGURE class=\"grid-gallery-caption\" data-grid-gallery-type=\"quarter-slide-up\" data-index=\"0\" style=\"display:none;border-radius:00;; margin:5.3px; width:2150;\" ><div class=\"crop\" style=\" width:2150; height:2150; overflow:hidden;\"><img decoding=\"async\" src=\"https:\/\/websid.info\/web\/wp-content\/uploads\/2024\/08\/Unitag_QRCode_QRTest-215x215.png\" class=\"ggImg\" alt=\"Unitag_QRCode_QRTest\" title=\"Unitag_QRCode_QRTest\" data-description=\"Unitag_QRCode_QRTest\" data-caption=\"Unitag_QRCode_QRTest\" data-title=\"Unitag_QRCode_QRTest\" style=\" width:215px; height:215px;\" \/><\/div><FIGCAPTION class=\"\" data-alpha=\"5\" style=\"color:#ffffff; background-color:#6f0000; font-size:140; text-align:2; font-family:Default;\" ><div class=\"grid-gallery-figcaption-wrap\" style=\"\"><\/div><\/FIGCAPTION><\/FIGURE><FIGURE class=\"grid-gallery-caption\" data-grid-gallery-type=\"quarter-slide-up\" data-index=\"1\" style=\"display:none;border-radius:00;; margin:5.3px; width:2150;\" ><div class=\"crop\" style=\" width:2150; height:2150; overflow:hidden;\"><img decoding=\"async\" src=\"https:\/\/websid.info\/web\/wp-content\/uploads\/2024\/08\/Unitag_QRCode_RepettoHouse-215x215.png\" class=\"ggImg\" alt=\"Unitag_QRCode_RepettoHouse\" title=\"Unitag_QRCode_RepettoHouse\" data-description=\"Unitag_QRCode_RepettoHouse\" data-caption=\"Unitag_QRCode_RepettoHouse\" data-title=\"Unitag_QRCode_RepettoHouse\" style=\" width:215px; height:215px;\" \/><\/div><FIGCAPTION class=\"\" data-alpha=\"5\" style=\"color:#ffffff; background-color:#6f0000; font-size:140; text-align:2; font-family:Default;\" ><div class=\"grid-gallery-figcaption-wrap\" style=\"\"><\/div><\/FIGCAPTION><\/FIGURE><FIGURE class=\"grid-gallery-caption\" data-grid-gallery-type=\"quarter-slide-up\" data-index=\"2\" style=\"display:none;border-radius:00;; margin:5.3px; width:2150;\" ><div class=\"crop\" style=\" width:2150; height:2150; overflow:hidden;\"><img decoding=\"async\" src=\"https:\/\/websid.info\/web\/wp-content\/uploads\/2024\/08\/Unitag_QRCode_DentistaSociale-215x215.png\" class=\"ggImg\" alt=\"Unitag_QRCode_DentistaSociale\" title=\"Unitag_QRCode_DentistaSociale\" data-description=\"Unitag_QRCode_DentistaSociale\" data-caption=\"Unitag_QRCode_DentistaSociale\" data-title=\"Unitag_QRCode_DentistaSociale\" style=\" width:215px; height:215px;\" \/><\/div><FIGCAPTION class=\"\" data-alpha=\"5\" style=\"color:#ffffff; background-color:#6f0000; font-size:140; text-align:2; font-family:Default;\" ><div class=\"grid-gallery-figcaption-wrap\" style=\"\"><\/div><\/FIGCAPTION><\/FIGURE><FIGURE class=\"grid-gallery-caption\" data-grid-gallery-type=\"quarter-slide-up\" data-index=\"3\" style=\"display:none;border-radius:00;; margin:5.3px; width:2150;\" ><div class=\"crop\" style=\" width:2150; height:2150; overflow:hidden;\"><img decoding=\"async\" src=\"https:\/\/websid.info\/web\/wp-content\/uploads\/2024\/08\/Unitag_QRCode_Lucignolo-menu-215x215.png\" class=\"ggImg\" alt=\"Unitag_QRCode_Lucignolo-menu\" title=\"Unitag_QRCode_Lucignolo-menu\" data-description=\"Unitag_QRCode_Lucignolo-menu\" data-caption=\"Unitag_QRCode_Lucignolo-menu\" data-title=\"Unitag_QRCode_Lucignolo-menu\" style=\" width:215px; height:215px;\" \/><\/div><FIGCAPTION class=\"\" data-alpha=\"5\" style=\"color:#ffffff; background-color:#6f0000; font-size:140; text-align:2; font-family:Default;\" ><div class=\"grid-gallery-figcaption-wrap\" style=\"\"><\/div><\/FIGCAPTION><\/FIGURE><FIGURE class=\"grid-gallery-caption\" data-grid-gallery-type=\"quarter-slide-up\" data-index=\"4\" style=\"display:none;border-radius:00;; margin:5.3px; width:2150;\" ><div class=\"crop\" style=\" width:2150; height:2150; overflow:hidden;\"><img decoding=\"async\" src=\"https:\/\/websid.info\/web\/wp-content\/uploads\/2024\/08\/Unitag_QRCode_AutoXeventi-215x215.png\" class=\"ggImg\" alt=\"Unitag_QRCode_AutoXeventi\" title=\"Unitag_QRCode_AutoXeventi\" data-description=\"Unitag_QRCode_AutoXeventi\" data-caption=\"Unitag_QRCode_AutoXeventi\" data-title=\"Unitag_QRCode_AutoXeventi\" style=\" width:215px; height:215px;\" \/><\/div><FIGCAPTION class=\"\" data-alpha=\"5\" style=\"color:#ffffff; background-color:#6f0000; font-size:140; text-align:2; font-family:Default;\" ><div class=\"grid-gallery-figcaption-wrap\" style=\"\"><\/div><\/FIGCAPTION><\/FIGURE> <div class=\"grid-gallery-clearfix\"><\/div> <\/div> <div class=\"gallery-sharing-bottom\" style=\"display:none;\"> <\/div> <div class=\"gallery-sharing-image\" style=\"display:none;\"> <\/div> <div class=\"gallery-sharing-popup\" style=\"display:none;\"> <\/div> <div class=\"grid-gallery-clearfix\"><\/div> <\/div> <!-- Gallery by Supsystic plugin1.16.0 --><a title=\"Gallery Plugin\" style=\"display:none;\" href=\"https:\/\/supsystic.com\/plugins\/photo-gallery\/?utm_medium=love_link\" target=\"_blank\">Gallery Plugin<\/a>\n<h5>A cosa serve? il QRCode inquadrato dall&#8217;app presente sul tuo telefono mobile, ti fornisce molte informazioni sull&#8217;azienda ed anche l&#8217;eventuale link ad una pagina costruita appositamente, con contenuti dedicati, sconti, promozioni o altro.<\/h5>\n<h5>da Wikipedia<\/h5>\n<h5>Un codice QR (in inglese QR code) \u00e8 un codice a barre bidimensionale (o codice 2D), ossia a matrice, composto da moduli neri disposti all&#8217;interno di uno schema bianco di forma quadrata, impiegato in genere per memorizzare informazioni destinate a essere lette tramite un apposito lettore ottico o anche smartphone.<\/h5>\n<h5>In un solo crittogramma possono essere contenuti fino a 7089 caratteri numerici o 4296 alfanumerici. Generalmente il formato matriciale \u00e8 di 29\u00d729 quadratini e contiene 48 alfanumerici. Il nome &#8220;QR&#8221; \u00e8 l&#8217;abbreviazione dell&#8217;inglese quick response (&#8220;risposta rapida&#8221;), in virt\u00f9 del fatto che il codice fu sviluppato per permettere una rapida decodifica del suo contenuto.<\/h5>\n","protected":false},"excerpt":{"rendered":"<p>Grafiche per stampati (biglietti da visita, volantini, depliant, manifesti ecc.) Espositori pubblicitari di ogni tipo, semplici o complessi, stampa a mosaico con tasselli resinati. Creazione di qr code anche personalizzati, colorati e con logo (vedi esempi qui sotto) Esempi di QRCode personalizzati con i colori aziendali, con o senza logo,&#8230;<\/p>\n<p> <a class=\"continue-reading-link\" href=\"https:\/\/websid.info\/web\/grafica\/\"><span>Continue reading<\/span><i class=\"crycon-right-dir\"><\/i><\/a> <\/p>\n","protected":false},"author":1,"featured_media":0,"parent":0,"menu_order":0,"comment_status":"closed","ping_status":"closed","template":"templates\/template-onecolumn.php","meta":{"footnotes":""},"class_list":["post-20","page","type-page","status-publish","hentry"],"_links":{"self":[{"href":"https:\/\/websid.info\/web\/wp-json\/wp\/v2\/pages\/20","targetHints":{"allow":["GET"]}}],"collection":[{"href":"https:\/\/websid.info\/web\/wp-json\/wp\/v2\/pages"}],"about":[{"href":"https:\/\/websid.info\/web\/wp-json\/wp\/v2\/types\/page"}],"author":[{"embeddable":true,"href":"https:\/\/websid.info\/web\/wp-json\/wp\/v2\/users\/1"}],"replies":[{"embeddable":true,"href":"https:\/\/websid.info\/web\/wp-json\/wp\/v2\/comments?post=20"}],"version-history":[{"count":12,"href":"https:\/\/websid.info\/web\/wp-json\/wp\/v2\/pages\/20\/revisions"}],"predecessor-version":[{"id":136,"href":"https:\/\/websid.info\/web\/wp-json\/wp\/v2\/pages\/20\/revisions\/136"}],"wp:attachment":[{"href":"https:\/\/websid.info\/web\/wp-json\/wp\/v2\/media?parent=20"}],"curies":[{"name":"wp","href":"https:\/\/api.w.org\/{rel}","templated":true}]}}